n divisor of y and 3546?
18
Suppose -u + 23*p = 21*p - 12, 0 = -4*p - 20. What is the greatest common factor of 1154 and u?
2
Suppose -13 - 119 = -5*b + m, m = -3*b + 76. Suppose 2*v + 5*v - 1334 = 1305. What is the highest common factor of v and b?
13
Suppose -176 = 18*c + 4*c. Let r be 26/(-104) + (-442)/c. Calculate the highest common divisor of r and 44.
11
Let w = 13833 - 10500. Calculate the greatest common divisor of w and 176.
11
Suppose -107*c + 41 + 335 = -99*c. What is the highest common factor of c and 6157?
47
Let d = 27529 - 27421. Calculate the highest common divisor of 486 and d.
54
Let m be (-9)/(-2*(-3 + (-35)/(-10))). Let s = 87 + -76. Suppose 24 = 2*j - 3*l, l + 97 - s = 5*j. What is the greatest common factor of m and j?
9
Let o be 65*(1 - 6/10). Suppose -7*n = -463 - 447. Suppose -n = -5*x + 195. What is the greatest common factor of x and o?
13
Let c = 1091 + -899. What is the greatest common factor of c and 3552?
96
Let w = 298 + -178. Let j be (1/(10/(-12)))/((-48)/w). Suppose -2*i - j*i = -2*b - 146, 58 = 2*i - b. What is the highest common factor of i and 240?
30
Let f(c) = 14 + 2*c - 4*c + 0 + 3*c. Let k be f(-8). Suppose -104*q + 102*q = -k. Calculate the greatest common factor of 12 and q.
3
Suppose 6*i - 11*i - 10 = 0. Let z be -2 - -31 - (-4 + (i - -5)). Calculate the greatest common factor of z and 255.
15
Let h(q) = 3 + 4 - 6 + q**2 + q**2 + 10*q. Let d be h(-5). Let o be (5 - (d - 0))*(-7 + 19). What is the greatest common divisor of 72 and o?
24
Let a(h) = h**2 + 594*h - 89794. Let j be a(125). Let l be (2 - -4)*(-18)/(-4). Suppose 2*t - 5*t + l = 0. What is the highest common divisor of j and t?
9
Suppose 0 = 43*d - 46*d + 5*m + 6326, 3*d - 6340 = -2*m. What is the highest common divisor of d and 11?
11
Let h(a) = 4*a + 68. Suppose -k + 7 = 2*y, 17 = 5*y - 4*k - 20. Let m be h(y). Calculate the highest common factor of m and 11.
11
Suppose -4*s = -5*y - 28, 13*s - 28 = 10*s + 2*y. Let u(h) = 9*h + 40. Let d be u(s). What is the greatest common factor of 666 and d?
74
Let k = 8688 + -8682. What is the highest common factor of 11490 and k?
6
Let c(b) = -48*b + 92. Let a be c(-42). What is the highest common divisor of 310 and a?
62
Suppose 142*n = 147*n - 20. Suppose -5*l + 97 = 3*x, -92 = n*x - 7*x - 4*l. Calculate the highest common divisor of x and 56.
8
Let v = 40367 + -40358. Let n be (153*1)/((-2)/(-2)). Calculate the greatest common factor of n and v.
9
Suppose -5*q - 49 = -a - 169, -a + 105 = 4*q. Suppose n - 5*m = 100, m = -5*n - 0*m + 500. Calculate the highest common divisor of n and q.
25
Suppose 5*d - 692 = 1158. Suppose 4*k + 2*r - 66 = 0, 0 = 110*k - 115*k + r + 107. What is the highest common divisor of k and d?
10
Let j = 4444 - 4414. What is the highest common divisor of j and 3630?
30
Let y(m) = m - 35. Let q be y(-18). Let z = q + 134. Calculate the greatest common factor of z and 162.
81
Let z be 67 - ((-1)/(-14) + 215/(-70)). Calculate the greatest common factor of z and 2758.
14
Let f(u) = u**2 - 43*u - 177. Let w be f(-5). Suppose -11*h + 4*h + 252 = 0. What is the highest common factor of h and w?
9
Let u = 25 + 11. Suppose m - 18 = -3*g, 4*m = 5*g - 0*g + 106. What is the highest common factor of m and u?
12
Let r = -608 - -609. Let p(u) = u**3 + 13*u**2 + 11*u - 8. Let f be p(-12). Suppose -10 = -f*d + 2. What is the highest common divisor of r and d?
1
Let o(s) = 61*s + 3. Let r be o(-2). Let b be 988/(-14) + (-1330)/(-98) + -13. Let y = b - r. What is the highest common divisor of y and 392?
49
Let g be 1 - (-18)/(-6) - ((-6)/(-3) + -13). Calculate the highest common divisor of 8847 and g.
9
Suppose -17 = -y - l, -54 = -2*y - 0*y + 2*l. Let n = -106 - -106. Let c be ((-33)/(-4) + n)/((-51)/(-1496)). What is the greatest common divisor of c and y?
22
Let o be (1 + -94)*(78/(-390) + (-92)/15). What is the highest common divisor of o and 527?
31
Suppose -g - l = -51, 0 = 4*g + g + 4*l - 258. Suppose 77*z = 268*z - 25785. Calculate the highest common divisor of g and z.
27
Let x(j) = 7*j - 4. Let w be x(4). Suppose -c - w = -4*c. Suppose 190 = 4*z + 52*s - 50*s, 4*z = 4*s + 196. Calculate the highest common divisor of c and z.
8
Let u be (17/34 - (1 - -1))*-434. What is the highest common divisor of 9 and u?
3
Let v = -118 - -354. What is the greatest common factor of v and 7198?
118
Suppose -164 = -3*f + m, 4*f - 271 = -4*m - 15. Suppose 5*l - 36 = 2*l. What is the greatest common divisor of f and l?
3
Suppose 0 = 4*a + 5*w - 80 - 454, -w = -6. Calculate the greatest common factor of a and 1818.
18
Let d be (3 - 2)/((-62)/(-4340)). What is the greatest common factor of 875 and d?
35
Suppose 6 + 2 = -2*t, -t + 332 = y. What is the highest common divisor of y and 576?
48
Suppose 14*b - 17*b = -5*b. Suppose b = 27*x - 26 - 1. Calculate the greatest common factor of x and 5.
1
Let o(f) be the third derivative of -f**4/8 - f**3 - 2*f**2. Let t be o(-5). Let j = -583 + 664. What is the greatest common factor of j and t?
9
Let n be 32*5*(6 - 115/25). Suppose -2*a - 3*s - 2*s = -140, 4*a = 4*s + n. Calculate the highest common divisor of 160 and a.
20
Let l(j) = -j**3 + 8*j**2 + 3*j. Let p be l(8). Suppose -5495 = -60*b + 1705. Calculate the highest common factor of b and p.
24
Let x(m) = -35*m - 269. Let v be x(-8). Suppose -4*d = c - 699, 3*d + c - 4*c = 543. What is the greatest common divisor of d and v?
11
Let t = 156 + -151. Let l(b) = -180*b + 25. Let d be l(-4). Suppose -t*z + d = -135. Calculate the greatest common divisor of z and 22.
22
Suppose -35 = -49*s + 10*s + 82. Calculate the greatest common divisor of s and 471.
3
Suppose 12*y - 3*y + 101 - 1559 = 0. Calculate the highest common divisor of 42 and y.
6
Let g = 145 - 142. Let i(x) = 4*x + 36. Let y be i(g). Calculate the highest common divisor of y and 12.
12
Let n be (180/(-9))/2 + (13 - -1) - -36. Let b = 391 + -231. Calculate the highest common factor of b and n.
40
Suppose 0 = 63*k - 1917 - 1044. What is the highest common divisor of k and 3901?
47
Let i(x) = 977*x - 4811. Let t be i(5). What is the greatest common factor of t and 5069?
37
Suppose -129*f + 109*f + 680 = -320. Calculate the greatest common factor of f and 14.
2
Let c be 12/27 + (-100740)/(-540). Let i be ((-12)/9)/(2/6). Let r = i - -21. Calculate the greatest common factor of r and c.
17
Suppose 0 = -21*x - 356 - 274. Let j be (24/x)/((-4)/1190). What is the greatest common divisor of j and 28?
14
Let f be -1571*2*(-57 + 53) + (1 - -4). Calculate the highest common divisor of f and 33.
33
Let n be -3*(-2694)/18 + -7. Suppose -286 = -13*k + n. What is the highest common divisor of 14 and k?
14
Let m(t) = -79*t**2 + 1665*t - 1. Let w be m(21). Calculate the greatest common divisor of w and 325.
25
Suppose 2*y + 22 = 5*p, 5*p - y = -3*y + 18. Suppose -275 = -p*i - 15*n + 10*n, -4*n = -12. Calculate the greatest common factor of 39 and i.
13
Let t(z) = 6*z**2 + 15*z. Let c be t(-3). Let l(m) = -14 + c - m - 2. Let a be l(-10). Calculate the greatest common divisor of 48 and a.
3
Suppose 10*u = 100 - 10. Let c(j) = 3*j**2 - 5*j - 42. Let n be c(u). Calculate the greatest common divisor of n and 24.
12
Suppose 0 = 2*v + 3*w - 207, 6*w + 1130 = 4*v + 632. Calculate the greatest common factor of 2774 and v.
38
Suppose 3*h - 9312 = 4*k, -3*k + 6105 + 3228 = 3*h. Calculate the greatest common factor of 7 and h.
7
Let y(v) = -v - 1. Let h be y(3). Let g be 28/(h/(-2)) - -1. Suppose 27*m - 1899 = 2231 - 485. What is the greatest common factor of m and g?
15
Let d(f) = -19*f + 16. Let q(k) = 2*k + 2. Let b be q(2). Let l be b/14 - 118/14. Let i be d(l). What is the highest common factor of 21 and i?
21
Let h(b) = 29*b**3 - b**2 - 59*b + 105. Let z be h(3). Suppose -2*u - 14 = -122. Calculate the greatest common factor of z and u.
54
Let b be (((-2)/(-3))/(3/18) - 7)*-2. What is the highest common factor of 660 and b?
6
Suppose n + 2 = 2*l, -5*l + 9 = 2*n + 4. Suppose n = 4*b - 9*b + 85. Calculate the greatest common divisor of b and 119.
17
Let s(f) = 3*f**3 - 27*f**2 + 34*f - 68. Let h be s(8). What is the greatest common divisor of 668 and h?
4
Let k = -9288 + 11321. Calculate the greatest common factor of k and 107.
107
Let u(l) = 14*l**3 - 8*l**2 + 19*l - 22